
False
Is 2435657591 composite?
False
Is 283191281 composite?
False
Is 9335963093 prime?
True
Is 60227100097 a composite number?
False
Is 205502911 composite?
False
Is 224199103 a prime number?
True
Is 409560598 prime?
False
Is 55780567 a prime number?
False
Is 60266530507 a composite number?
True
Is 487819957 prime?
True
Is 342414734 a composite number?
True
Is 769486394 composite?
True
Is 6392312831 prime?
True
Is 6732963957 a prime number?
False
Is 2140733983 a prime number?
True
Is 27199271131 prime?
False
Is 1276124477 prime?
False
Is 1577464457 prime?
True
Is 903158509 a prime number?
False
Is 15637226131 prime?
False
Is 7038734317 composite?
True
Is 10212685547 a composite number?
False
Is 86528322007 a prime number?
True
Is 224479744763 a composite number?
False
Is 14933453891 a composite number?
False
Is 748411771 a composite number?
False
Is 696985099 a prime number?
True
Is 1114716237 a composite number?
True
Is 123784214467 composite?
False
Is 370573201 composite?
False
Is 29068921421 composite?
False
Is 12021240551 a composite number?
True
Is 1585145251 composite?
False
Is 7285220303 a composite number?
False
Is 9659968381 a prime number?
False
Is 62409740005 a composite number?
True
Is 2734853386 prime?
False
Is 116702017 a prime number?
True
Is 27038548619 a composite number?
True
Is 11176170293 a composite number?
False
Is 481008841 composite?
False
Is 119327627 a composite number?
True
Is 36232379 prime?
False
Is 149759399 a prime number?
False
Is 99708702589 a prime number?
False
Is 35829258103 a prime number?
True
Is 492423317 a prime number?
False
Is 700698734 a prime number?
False
Is 1455692053 composite?
True
Is 694832221 a composite number?
True
Is 2844468227 a composite number?
False
Is 216465203 prime?
True
Is 144565428209 a composite number?
False
Is 668591388373 prime?
True
Is 103877103583 composite?
True
Is 1688874049 prime?
False
Is 611842901 prime?
True
Is 14596488287 a prime number?
True
Is 1486389369 prime?
False
Is 31316244511 a prime number?
True
Is 14919033047 a composite number?
True
Is 44014761845 a prime number?
False
Is 2086345199 composite?
False
Is 5617075937 composite?
True
Is 104855909 composite?
True
Is 60235727 composite?
True
Is 680422439 prime?
False
Is 3260287307 prime?
True
Is 27182576087 a composite number?
False
Is 4048965686 a prime number?
False
Is 979701487 a composite number?
False
Is 1501373999 a composite number?
True
Is 286939969 prime?
False
Is 9972971 composite?
True
Is 7618764619 prime?
True
Is 5113360981 composite?
True
Is 2728305037 a prime number?
True
Is 8212349857 prime?
True
Is 11927492963 a prime number?
True
Is 3913931443 prime?
False
Is 535232209 a composite number?
False
Is 25254116787 a composite number?
True
Is 38398193347 composite?
False
Is 3835192567 a prime number?
True
Is 424124977 prime?
True
Is 1046124007 a prime number?
True
Is 2129565649 composite?
True
Is 2701477951 a prime number?
True
Is 59989177 a composite number?
False
Is 232094371 a composite number?
False
Is 28193461721 a composite number?
False
Is 3000702959 a prime number?
False
Is 1291503691 composite?
False
Is 2005868091 a composite number?
True
Is 45607664951 a prime number?
True
Is 323960385121 composite?
False
Is 39156953809 prime?
False
Is 226319755 prime?
False
Is 216052559381 a composite number?
True
Is 4437087871 prime?
True
Is 1325836741 a composite number?
False
Is 21734758057 composite?
False
Is 1395285943 a composite number?
False
Is 1456394801 composite?
False
Is 543582373 composite?
False
Is 147987239 a composite number?
False
Is 65596861457 prime?
False
Is 23854575859 composite?
False
Is 20717127127 a prime number?
True
Is 779900699 prime?
True
Is 4847870659 prime?
True
Is 2161814591 prime?
False
Is 9865391911 a composite number?
True
Is 2639978779 prime?
False
Is 2617796095 a prime number?
False
Is 5369282089 a prime number?
True
Is 68766141479 a prime number?
False
Is 296655629 composite?
False
Is 368518193 a prime number?
False
Is 3159593447 prime?
True
Is 10941959753 composite?
True
Is 2981740987 prime?
False
Is 3466885115 a composite number?
True
Is 1745448322 a prime number?
False
Is 1313745961 prime?
False
Is 973936267 a composite number?
False
Is 118426018322 a composite number?
True
Is 1653359683 prime?
True
Is 35029972903 a prime number?
False
Is 1226423981 a composite number?
False
Is 9006814393 a prime number?
True
Is 865097083 prime?
True
Is 586513027 a composite number?
False
Is 413764151 prime?
True
Is 45025157117 a prime number?
True
Is 273608071 a prime number?
False
Is 88473167 prime?
True
Is 3879098095 composite?
True
Is 2328867661 a composite number?
False
Is 533235607 a composite number?
False
Is 69124735 prime?
False
Is 22081142203 composite?
True
Is 2366924359 a composite number?
False
Is 168040659619 prime?
False
Is 25332704101 a prime number?
True
Is 71216348053 a composite number?
False
Is 73270360591 prime?
True
Is 1385408537 a composite number?
True
Is 176056807 a composite number?
False
Is 68773818241 a composite number?
True
Is 4141236689 prime?
True
Is 1630540433 a prime number?
True
Is 14076719329 a composite number?
True
Is 13329843479 a composite number?
True
Is 12398869079 prime?
False
Is 60150773801 prime?
True
Is 15866229329 a prime number?
True
Is 6353764673 a prime number?
False
Is 125160151049 prime?
False
Is 150032453 a prime number?
False
Is 908556473 a prime number?
False
Is 1051573123 prime?
False
Is 1799382121 prime?
True
Is 9068156717 a composite number?
True
Is 43937762587 a composite number?
True
Is 19959466069 composite?
False
Is 24501568897 prime?
False
Is 4286850227 a prime number?
False
Is 2065336223 composite?
False
Is 2378975303 a prime number?
False
Is 18283556273 a prime number?
True
Is 2163678593 a composite number?
False
Is 17571715157 a prime number?
False
Is 463294577 a composite number?
False
Is 7630963763 a composite number?
False
Is 2323828051 prime?
False
Is 7504229591 a composite number?
False
Is 8198807423 a prime number?
True
Is 17607932539 prime?
True
Is 270062269 composite?
False
Is 3847180679 composite?
False
Is 1510210727 composite?
False
Is 4516203401 composite?
False
Is 830586343 prime?
True
Is 109329689 a composite number?
True
Is 83820967 prime?
False
Is 4696505383 a composite number?
False
Is 35459792479 composite?
True
Is 21893088517 composite?
True
Is 4856049797 prime?
False
Is 349795829 composite?
False
Is 3162490003 composite?
False
Is 484432237 composite?
False
Is 4579914503 prime?
False
Is 63978980419 a composite number?
True
Is 49507184813 prime?
True
Is 2171715187 prime?
True
Is 5854495481 prime?
True
Is 1554275651 a prime number?
True
Is 4060951 composite?
False
Is 2012759857 a composite number?
False
Is 12936035081 prime?
False
Is 158295337 a composite number?
False
Is 8672918281 a composite number?
False
Is 53958678253 a composite number?
False
Is 51474209 composite?
False
Is 26982338863 composite?
True
Is 1152929759 a prime number?
True
Is 486419347 composite?
False
Is 76325533 composite?
False
Is 60331166957 a composite number?
True
Is 125782021 prime?
False
Is 1364810177 composite?
False
Is 388133041 a prime number?
True
Is 5070052091 prime?
False
Is 2004406865 prime?
False
Is 2068333591 a prime number?
False
Is 31299798227 prime?
True
Is 242559021317 prime?
True
Is 912193949 prime?
True
Is 474988217 composite?
True
Is 17418601973 composite?
False
Is 6514822859 a composite number?
True
Is 595725811 composite?
False
Is 1078470383 a composite number?
True
Is 30830354099 composite?
False
Is 281067669301 a composite number?
True
Is 22831468141 prime?
False
Is 758730619 prime?
False
Is 32990795839 a prime number?
True
Is 186561049741 a composite number?
True
Is 556208459 a composite number?
False
Is 6164781277 prime?
True
Is 50525621117 a composite number?
False
Is 1309193357 a composite number?
False
Is 812204907 a prime number?
False
Is 23771203231 a composite number?
True
Is 986724877 prime?
False
Is 206741882 a prime number?
False
Is 3118834073 a composite number?
True
Is 52850156663 a composite number?
False
Is 735690523 a prime number?
True
Is 2700305921 prime?
False
Is 1022532947 a composite number?
False
Is 7624974001 a composite number?
False
Is 90125837753 a composite number?
True
Is 18428